is divided by 5954?
0
Calculate the remainder when 3934 is divided by 846.
550
What is the remainder when 92467 is divided by 46215?
37
What is the remainder when 30558 is divided by 18?
12
Calculate the remainder when 5305 is divided by 406.
27
What is the remainder when 7382 is divided by 835?
702
What is the remainder when 19442 is divided by 151?
114
What is the remainder when 1884346 is divided by 102?
100
What is the remainder when 8898 is divided by 294?
78
What is the remainder when 2785 is divided by 2773?
12
Calculate the remainder when 1028 is divided by 2.
0
Calculate the remainder when 8103 is divided by 338.
329
Calculate the remainder when 3343 is divided by 554.
19
Calculate the remainder when 9198 is divided by 43.
39
What is the remainder when 45286 is divided by 179?
178
Calculate the remainder when 11704 is divided by 40.
24
Calculate the remainder when 2003 is divided by 62.
19
Calculate the remainder when 9207357 is divided by 32.
29
Calculate the remainder when 606987 is divided by 1214.
1201
What is the remainder when 4528 is divided by 503?
1
Calculate the remainder when 750714 is divided by 12.
6
What is the remainder when 52905 is divided by 55?
50
Calculate the remainder when 14707 is divided by 43.
1
Calculate the remainder when 16111 is divided by 7891.
329
Calculate the remainder when 138115 is divided by 69034.
47
What is the remainder when 1981 is divided by 292?
229
What is the remainder when 3265849 is divided by 35?
34
What is the remainder when 5398 is divided by 72?
70
What is the remainder when 7467 is divided by 203?
159
Calculate the remainder when 175698 is divided by 24.
18
What is the remainder when 72312 is divided by 16?
8
What is the remainder when 619 is divided by 201?
16
Calculate the remainder when 7545 is divided by 2514.
3
What is the remainder when 5430 is divided by 2685?
60
Calculate the remainder when 1315 is divided by 149.
123
What is the remainder when 402280 is divided by 201135?
10
Calculate the remainder when 2042 is divided by 17.
2
Calculate the remainder when 2052 is divided by 439.
296
Calculate the remainder when 81019 is divided by 63.
1
What is the remainder when 6113 is divided by 278?
275
Calculate the remainder when 11357 is divided by 767.
619
What is the remainder when 110456 is divided by 156?
8
What is the remainder when 53229 is divided by 10644?
9
What is the remainder when 109333 is divided by 54663?
7
What is the remainder when 71801 is divided by 29?
26
Calculate the remainder when 32144153 is divided by 191.
190
Calculate the remainder when 39489 is divided by 380.
349
Calculate the remainder when 1150 is divided by 1101.
49
What is the remainder when 10445 is divided by 31?
29
Calculate the remainder when 30281 is divided by 268.
265
What is the remainder when 212585 is divided by 27?
14
What is the remainder when 113535 is divided by 381?
378
What is the remainder when 7261 is divided by 3622?
17
What is the remainder when 2487 is divided by 595?
107
What is the remainder when 7003 is divided by 185?
158
What is the remainder when 16993 is divided by 11?
9
Calculate the remainder when 240653 is divided by 120315.
23
What is the remainder when 15785 is divided by 5238?
71
What is the remainder when 11981342 is divided by 33?
32
What is the remainder when 3468 is divided by 43?
28
Calculate the remainder when 2117703 is divided by 14.
7
Calculate the remainder when 153773 is divided by 12814.
5
What is the remainder when 29713 is divided by 283?
281
Calculate the remainder when 1590 is divided by 792.
6
What is the remainder when 220814 is divided by 78?
74
What is the remainder when 97128 is divided by 35?
3
What is the remainder when 2235157 is divided by 38?
35
Calculate the remainder when 91367 is divided by 12.
11
Calculate the remainder when 145193 is divided by 45.
23
What is the remainder when 6651 is divided by 1635?
111
What is the remainder when 1293 is divided by 72?
69
What is the remainder when 403 is divided by 142?
119
What is the remainder when 48811 is divided by 12200?
11
What is the remainder when 12725 is divided by 335?
330
What is the remainder when 3692 is divided by 72?
20
What is the remainder when 427144 is divided by 142381?
1
Calculate the remainder when 1447 is divided by 1348.
99
Calculate the remainder when 1872 is divided by 167.
35
Calculate the remainder when 20572 is divided by 162.
160
Calculate the remainder when 77574 is divided by 1846.
42
What is the remainder when 2396 is divided by 1082?
232
Calculate the remainder when 38690 is divided by 1078.
960
Calculate the remainder when 18797 is divided by 80.
77
What is the remainder when 24186 is divided by 18?
12
Calculate the remainder when 76691 is divided by 51.
38
Calculate the remainder when 310478 is divided by 16.
14
What is the remainder when 17832 is divided by 205?
202
What is the remainder when 19239 is divided by 3844?
19
Calculate the remainder when 38050 is divided by 154.
12
Calculate the remainder when 114561 is divided by 187.
117
What is the remainder when 157 is divided by 142?
15
What is the remainder when 1676 is divided by 151?
15
What is the remainder when 1816 is divided by 131?
113
Calculate the remainder when 70066 is divided by 412.
26
What is the remainder when 11062 is divided by 251?
18
What is the remainder when 45119 is divided by 37?
16
Calculate the remainder when 151112 is divided by 6569.
25
What is the remainder when 36494 is divided by 1186?
914
What is the remainder when 688027 is divided by 144?
139
What is the remainder when 790 is divided by 112?
6
Calculate the remainder when 3933641 is divided by 122.
117
Calculate the remainder when 27259 is divided by 29.
28
What is the remainder when 8567 is divided by 36?
35
What is the remainder when 359 is divided by 163?
33
What is the remainder when 1070 is divided by 189?
125
What is the remainder when 1063949 is divided by 29?
26
Calculate the remainder when 13524 is divided by 2680.
124
What is the remainder when 15684 is divided by 7831?
22
What is the remainder when 1881 is divided by 486?
423
Calculate the remainder when 8646 is divided by 8.
6
Calculate the remainder when 62792 is divided by 20914.
50
Calculate the remainder when 7952 is divided by 111.
71
What is the remainder when 705022 is divided by 83?
20
What is the remainder when 524 is divided by 76?
68
Calculate the remainder when 146275 is divided by 61.
58
What is the remainder when 8338 is divided by 347?
10
What is the remainder when 11578 is divided by 4?
2
Calculate the remainder when 5078 is divided by 60.
38
What is the remainder when 2661 is divided by 312?
165
What is the remainder when 16237 is divided by 52?
13
What is the remainder when 874940 is divided by 2327?
2315
Calculate the remainder when 26884 is divided by 4475.
34
Calculate the remainder when 505 is divided by 10.
5
Calculate the remainder when 8901 is divided by 178.
1
What is the remainder when 168086 is divided by 2?
0
Calculate the remainder when 16338 is divided by 1166.
14
Calculate the remainder when 3495 is divided by 346.
35
Calculate the remainder when 52839 is divided by 25.
14
Calculate the remainder when 3324372 is divided by 44.
40
What is the remainder when 42209 is divided by 121?
101
What is the remainder when 20502 is divided by 4?
2
What is the remainder when 15358 is divided by 68?
58
Calculate the remainder when 4758 is divided by 618.
432
What is the remainder when 2650 is divided by 155?
15
What is the remainder when 7138 is divided by 70?
68
What is the remainder when 50387 is divided by 646?
645
Calculate the remainder when 321 is divided by 39.
9
Calculate the remainder when 4620 is divided by 139.
33
What is the remainder when 34545 is divided by 6?
3
Calculate the remainder when 2407 is divided by 11.
9
Calculate the remainder when 38547 is divided by 9.
0
Calculate the remainder when 3325 is divided by 664.
5
What is the remainder when 38099 is divided by 179?
151
What is the remainder when 55797 is divided by 300?
297
What is the remainder when 932 is divided by 113?
28
Calculate the remainder when 3722 is divided by 448.
138
Calculate the remainder when 26595 is divided by 289.
7
What is the remainder when 10703 is d